3 - -4) + -6 - 64 - -10) + 2 + 5
-52
-8 - -29 - (23 + (-61 - -22))
37
Evaluate 3 + 17 + -2 + (1 - (21 + -8)) + 9.
15
Calculate 19 + (-14 - -2 - 17) - (0 + 16 + -1).
-25
What is the value of 282 - 125 - (42 - -47)?
68
What is the value of (27 + (13 - (27 - -13)) - (-1 - -32)) + -6?
-37
Calculate 51 - -2 - (611 - 619).
61
Calculate -37 - 4 - (-8 + -77).
44
Calculate 37 - (66 + -27 + 47).
-49
What is (-16 - (-79 - -23)) + 9 + (5 - 2)?
52
Evaluate (-1652 - -1640) + 14 + 0 + 0 + 1.
3
What is the value of (-25 - -21 - 18) + -27 + 10?
-39
Calculate 15 + (25 - 35 - 3).
2
What is 65 - ((-169 - -155) + (2 - 21) + 12)?
86
Calculate -49 + (-96 - -130) + (25 - 2).
8
27 - (-2 + 5 - ((129 - 153) + (-2 - -19)))
17
Calculate 18 - (-53 + (6 - -31)).
34
-104 - (-101 + (160 - 80))
-83
Calculate (-11 - -2 - (-17 - -24 - (-1 + -49))) + -13.
-79
What is the value of -20 - (-3 - (6 - (-1 + -44)))?
34
Calculate -8 + (13 - (-49 - -25)).
29
What is the value of 6 - (-3 + (-3 - -15) + (-27 - -32))?
-8
Evaluate 15 + (9 + -63 - 29) + (19 - 2).
-51
What is 149 + -91 - (-9 + -2)?
69
What is (32 - 21 - -3) + -23 + 1 + 12?
4
What is -49 + (-117 - -112 - -22)?
-32
Evaluate -22 + -8 + 37 + (-4 - -8 - 2).
9
What is -16 + (2 - -9 - 9) - (5 + -6)?
-13
Calculate 50 + (8 - 5) + -5 + 21 - 9.
60
What is the value of -3 + 15 + (0 - -18) + -1 - (-1 - -12)?
18
What is -26 + (14 + -6 - 2) - (-20 + 6)?
-6
What is the value of -1 + -8 + -259 + 258 + 14 + 4?
8
Calculate 18 + -10 + 18 + -20 + 22.
28
Evaluate 37 + 1 + (2 - 6) + -49 + 46.
31
(-14 - (1 - (12 - (3 + 5 - -9)))) + 8
-12
Evaluate 15 + (9 - (-6 + 10)) + 6 + (35 - 39).
22
What is -16 + 2 + -710 + 699 + -52?
-77
110 + (-26 - -2 - (99 + -119) - -3)
109
Evaluate (1 - -15) + (-44 + 50 - 6).
16
-5 + -18 + (52 - 63)
-34
Evaluate 6 + (53 + -22 - 42) - (12 + -1).
-16
Evaluate -2 + 51 - (-106 + -27 - -147).
35
Calculate 40 - (-21 - (-7 + (-8 - 6))).
40
(14 - -49) + (-12 - (1 + (2 - 0)))
48
Evaluate (63 - -11 - 57) + -40.
-23
What is (-70 + -8 - -42) + 66?
30
Calculate 23 - 5 - 12 - 15 - 29.
-38
Evaluate -74 - -18 - -139 - 34.
49
Calculate (27 - 26) + 15 + -66 + 0 + 1.
-49
Calculate 9 - (-1 + (-12 - (8 + -23 + 4))).
11
What is -12 - 0 - (2054 + -2084)?
18
What is -231 + 126 - (-233 - -63)?
65
(27 - 9) + (8 + 2 - 3)
25
(6 - -27) + (11 + (-37 - -6) - -26)
39
What is 21 + -37 - (-15 + -10) - 58?
-49
What is the value of 115 + (-93 - -132) + -119?
35
What is -1 + (57 - -17) - 22 - (-2 - -1)?
52
Evaluate (-5 + 10 - 43) + 2 + -28 + 31.
-33
What is 0 - -17 - (-79 + 81 + -32 - -145)?
-98
Evaluate -2 - (-1300 + 1292 - (-2 - -12 - (1 + 1))).
14
What is the value of (-40 - 165) + 369 + -280?
-116
-60 - (-16 - 13 - 7)
-24
Evaluate -53 + 7 - (1 + -1 - (0 - -4)).
-42
Evaluate 42 + -47 + 37 + 8 + 0 + (14 - 5).
49
What is -275 + 215 + -14 + 3 + -3 + -12?
-86
What is the value of (-10 - 3) + 1741 + -1660?
68
What is (-43 - 0) + -3 - (81 + -35 - 41)?
-51
What is 7 - 0 - -1 - ((-100 - -59) + (36 - 13))?
26
What is the value of (106 - -1) + (-117 - (-8 + -92))?
90
16 + (12 - (2 + -2 - -9))
19
Calculate (12 - 137) + 128 - 55.
-52
Evaluate (-39 - -16) + (-17 - -29).
-11
(5 - 7) + -4 + (23 - 30) - (8 - -14)
-35
What is the value of (-2 - (1 + 0)) + 2 + -25 + (123 - 173)?
-76
What is 1 + 7 - (41 - (-29 + 55 - -5))?
-2
(-39 - (56 + -83) - (1 + 0 + -3)) + -33
-43
Evaluate -286 + 126 - (5 + -41).
-124
What is the value of 31 + -24 - (-3 - -10) - -4?
4
Evaluate -13 - (9 + 3 + -2 + 46).
-69
Evaluate 0 - 28 - (-140 - (135 - 281)).
-34
Evaluate (-46 - (-125 - -74)) + 30.
35
Evaluate 34 - (6 - ((6 - (6 + 6)) + 6) - 5).
33
What is (11 - 1) + (45 + -39 - 18) - 67?
-69
-15 + (36 - (15 + -9))
15
(-3788 - -3740) + (0 - -76)
28
Calculate 18 - (-16 + -9 + 2 + 67 - 21).
-5
Calculate -37 + 10 - -46 - (-22 - 0).
41
Evaluate -51 + 61 + 0 - 3.
7
What is the value of (-47 - -57) + 77 - (1 - -13)?
73
What is the value of 1 + 6 - ((-26 - (-138 - (14 - 23))) + 22)?
-118
Calculate 92 + (-12 - (11 + -15)) + (-58 - -66).
92
What is (-3 - 16) + -1203 + 1150?
-72
Calculate 11 + 20 + -64 + 113.
80
What is -126 + 61 + -185 + 167?
-83
35 - 82 - 7 - -12
-42
Evaluate -3 + (0 - -150) - 4 - (-12 - -6).
149
What is -57 + 176 - -6 - 66?
59
Calculate -24 + (4 + -1 - (41 + -16 + -13)).
-33
What is the value of (7 - (-34 - -3)) + 5 - (15 + -11)?
39
Calculate 113 + -117 + 2 + (-36 - 3).
-41
What is the value of -2 - ((-11 - (-1 + 0 + -23 + 22)) + -23)?
30
Evaluate (-7 - (-23 - -13)) + -13 + -4 + 17.
3
-18 - (-19 + 0 - (-72 - -28))
-43
What is (29 + -15 - 70) + 13 - (13 - (1 + 1))?
-54
-15 - (-22 - (16 + -14 - (1 - 8)))
16
What is the value of -119 - (-204 + (1 - -124))?
-40
Calculate -45 - -91 - 75 - (3 + -1 - 7).
-24
What is -40 + (-14 - -68) - -33?
47
What is the value of 33 + (4 - ((-13 - 2) + 7)) + -11?
34
Calculate 14 + (11 + (-5 - 2) + -9 - 12).
-3
What is 21 + (-9 - 19) + (-63 - 3 - -3)?
-70
What is the value of (-48 - -59) + 34 - 50?
-5
Calculate 23 + (25 - 26) + -66.
-44
What is the value of 37 + -33 + (-1 - -2) + (-18 - -13) + 47?
47
Calculate -12 + 3 - (-3 - (-22 + 7)).
-21
-336 + 225 - ((7 + 0 - 5) + -8)
-105
Evaluate (-21 - -38) + (-12 - 5) - 47.
-47
What is 646 + -743 - (-223 - -1)?
125
What is -194 + 52 + 30 - (-18 + 1)?
-95
-19 + (86 + 1 - (218 + -197))
47
What is the value of -5 - (-5 + 10) - (-12 + (6 - -26))?
-30
Evaluate (-54 - -83 - (17 - 2)) + 16.
30
-140 - ((-30 - -6) + (-39 - -7) + 38)
-122
Calculate 1 + -1 + -20 + (-14 + 5 + 18 - 18).
-29
What is the value of (2492 - 2522) + (1 - 15) + (-1 - -1)?
-44
What is -66 + (-5 - 2 - (-10 + -14 + -14 + 29))?
-64
What is (-3 - -10) + (-19 - ((-2 - -5) + 4) - -8)?
-11
What is -9 + (-7 - ((22 + -12 - 0) + -100))?
74
What is 5 - -8 - (-50 + 33) - -1?
31
Calculate (-161 - -201) + (-7 - (-2 + 0 + (-14 - -14))).
35
Calculate 8 + -7 + 7 + -4 + 17.
21
-4 + (25 - (-35 - (-28 - -9)))
37
-104 + 154 - (20 - -1)
29
What is -44 + 106 + -101 + (-1 + -3 - (1 - 2))?
-42
Calculate (472 - 473) + (3 - (0 + -35 + -3)).
40
71 - (-118 + 47) - 136
6
What is -28 + 21 + (240 - 314)?
-81
46 + (6 - 3 - 41) + 15
23
Evaluate 22 - (42 + 0 + -32 + 11).
1
Calculate (2 - 15) + (-16 - (-16 - 16) - 12) + 1.
-8
What is 1 + 14 + -49 + 32 + 15?
13
Evaluate -129 - (78 + (-132 - -16)).
-91
What is -83 + -6 - -59 - -41?
11
What is the value of (12 - (-5 + (4 - 1))) + (4427 - 4435)?
6
What is the value of 49 - 18 - -26 - 40?
17
Evaluate 19 + (-3 - (-5 - -9)) - (-4 - 23).
39
Evaluate 4 - (2 + (4 - (0 + 24) - (-47 - -35))).
10
Evaluate 264 + -246 + -34 + 6 + -4.
-14
What is (-4 + 8 - -104) + 58 + (14 - 65)?
115
Calculate ((4 - (10 + -16)) + -2 - 8) + 49 + 3.
52
Calculate (-8 - (1 - -6 - 34)) + (-641 - -611).
-11
What is -12 + -7 + -33 + (18 - 4) + 3?
-35
Evaluate 31 + 27 - (-14 + 5 + 2 - -22).
43
6 - 17 - (-8 + -1) - (-104 + 38)
64
What is the value of 7 + -2 + (22 + -7 - (43 - 3))?
-20
What is the value of (22 - (-14 - -10) - 21) + (-2 - -2) + -21?
-16
Evaluate 9 - 72 - -26 - (54 - 34).
-57
Evaluate 32 + 9 + 9 + -18.
32
What is 109 + (-26 - (-19 + -4) - 3)?
103
What is the value of (-80 - (80 - 31)) + 32?
-97
Evaluate -2 + -1 + (-23 - -23) - (90 - (15 + -12)).
-90
Calculate (-5 - (-1 - (3 + 7))) + 399 + -516.
-111
What is 9 + (-6 - 1 - (124 - 221))?
99
Calculate 27 + 62 + (-14 - (-2 - -11 - 11)).
77
What is (15 - (-6 + 4) - (98 - 67)) + 76?
62
Calculate 9 + 2 - ((4 - (-8 + 3)) + -98 + 96).
4
(-13 - (-24 - (1 - 10))) + (3 - 19)
-14
Calculate -7 + 9 + 9 - 13 - (-17 - -3).
12
Evaluate -11098 + 11103 - (-5 + 0).
10
What is the value of (0 - -5) + -38 - (66 - (46 - -9))?
-44
What is the value of 4 + -19 - (-2247 - -2243)?
-11
Evaluate 9 - ((19 - 1) + -372 + 366 + (1 - -76)).
-80
What is the value of (-12 - -1) + 2 + (-1843 - -1869) + 30?
47
What is (-36 - (-19 - -17)) + 27 - (0 - 22)?
15
What is 53 - 4 - 78 - -31?
2
What is 0 - (-15 - 2) - (15 + (19 - (-10 + 34)))?
7
What is the value of -2 - (-15 + 13 - (-124 - -94))?
-30
Evaluate (-50 + 7 - -19) + 43 + 29 - (1 - 8).
55
Evaluate (1 - 16) + (37 - (-28 + 46)).
4
(-16 - 2) + (-97 - -109) - (-64 + 7)
51
What is the value of 147 + -64 + -117 - (-65 + 2)?
29
What is -31 + 0 + 577 + -557 + (113 - -1)?
103
(1 - 4) + 1 + 62 + -39 + 20
41
Calculate 103 + -51 + -20 + -1 + (1 - 14).
18
Evaluate (-154 - -38 - 36) + -10 + 55.
-107
What is the value of 